er?
True
Is 661127 composite?
True
Is 9964217 a prime number?
True
Is 546851401 a prime number?
True
Is 352567 a composite number?
True
Is 1990069 composite?
False
Is 2629787 a composite number?
False
Is 14928619 composite?
False
Is 2198603 prime?
False
Is 3877397 a prime number?
True
Is 233581273 a composite number?
False
Is 1531379 prime?
True
Is 802091 prime?
False
Is 1226498437 prime?
False
Is 1975609 a composite number?
False
Is 30917507 prime?
True
Is 3114673 a prime number?
True
Is 2960861 a composite number?
False
Is 7594577 composite?
True
Is 482650543 a composite number?
False
Is 3146279 composite?
False
Is 64450847 a composite number?
True
Is 15456403 prime?
True
Is 1474717 composite?
False
Is 848267213 composite?
False
Is 5490633 prime?
False
Is 363659 prime?
True
Is 3318671 composite?
False
Is 116503 a prime number?
False
Is 208613 a prime number?
False
Is 261990011 prime?
True
Is 584376919 a composite number?
True
Is 723008569 a prime number?
True
Is 175909 prime?
True
Is 4812253 a prime number?
False
Is 85696774 a prime number?
False
Is 230595509 prime?
True
Is 124913 a prime number?
False
Is 61705907 a prime number?
True
Is 1400627 prime?
True
Is 1266677 a prime number?
True
Is 5937467 a prime number?
False
Is 2160623 a composite number?
True
Is 6677527 a composite number?
False
Is 8383909 composite?
True
Is 26829103 composite?
True
Is 47412515 a composite number?
True
Is 106335497 a prime number?
True
Is 551282987 prime?
False
Is 155366215 prime?
False
Is 189499073 prime?
False
Is 477979 a prime number?
False
Is 926327 composite?
False
Is 63923699 composite?
True
Is 109802549 composite?
True
Is 64372723 a prime number?
True
Is 39199631 prime?
True
Is 12824827 a composite number?
True
Is 30291749 prime?
True
Is 22168331 composite?
True
Is 2348371 a prime number?
True
Is 757199 a composite number?
True
Is 6864383 a composite number?
False
Is 336127631 a composite number?
True
Is 513469 composite?
True
Is 490052065 a prime number?
False
Is 1782227 composite?
True
Is 244033 a composite number?
False
Is 32865663 prime?
False
Is 9923549 a composite number?
True
Is 154389539 a prime number?
True
Is 151115 prime?
False
Is 407249 a composite number?
False
Is 20817779 a composite number?
False
Is 2010373 prime?
True
Is 736951 a prime number?
True
Is 318259 composite?
False
Is 124389931 prime?
False
Is 1682987 a composite number?
False
Is 4278343 a prime number?
True
Is 19413811 composite?
True
Is 347072353 a prime number?
False
Is 37698403 a composite number?
True
Is 653544497 composite?
False
Is 6615699 a prime number?
False
Is 41335081 a composite number?
False
Is 41511341 composite?
True
Is 5315257 a composite number?
True
Is 123383 composite?
True
Is 4214503 a prime number?
True
Is 545334247 a prime number?
True
Is 258834395 composite?
True
Is 105253523 composite?
False
Is 23455259 composite?
False
Is 360667819 a composite number?
False
Is 10394381 prime?
True
Is 2311579 a prime number?
False
Is 18727307 a composite number?
True
Is 281357707 a composite number?
True
Is 626368123 prime?
True
Is 3788209 composite?
False
Is 7461211 prime?
True
Is 6563771 composite?
False
Is 363320521 a prime number?
False
Is 8522699 a composite number?
False
Is 4456849 prime?
False
Is 358513 a prime number?
False
Is 1159807 prime?
False
Is 41221949 prime?
True
Is 15386747 a composite number?
True
Is 146012171 prime?
True
Is 72354493 composite?
False
Is 3820633 prime?
False
Is 3541073 composite?
False
Is 554233 composite?
False
Is 6406301 a prime number?
False
Is 2334853 a prime number?
False
Is 2449229 a prime number?
False
Is 1514347 a composite number?
True
Is 281067863 prime?
True
Is 3451531 a prime number?
False
Is 223174697 a composite number?
True
Is 182452613 composite?
True
Is 11502131 composite?
False
Is 10794467 a composite number?
True
Is 19443857 composite?
False
Is 3462553 prime?
False
Is 13686341 composite?
True
Is 54027367 composite?
False
Is 450854549 a prime number?
True
Is 22420639 composite?
True
Is 71543153 a prime number?
False
Is 7339391 a prime number?
True
Is 138958363 a composite number?
True
Is 1722667 composite?
False
Is 30871663 a prime number?
True
Is 3332411 prime?
True
Is 2776573 prime?
False
Is 4497613 prime?
False
Is 2456501 a composite number?
False
Is 14552687 prime?
False
Is 21695129 composite?
False
Is 13744417 a composite number?
True
Is 13846103 prime?
False
Is 3150281 prime?
True
Is 2265293 prime?
False
Is 97300321 a composite number?
True
Is 10510087 composite?
True
Is 361809599 composite?
True
Is 134451073 a composite number?
False
Is 53467507 a composite number?
True
Is 63970323 a composite number?
True
Is 6819 prime?
False
Is 3853099 a prime number?
False
Is 129153793 a prime number?
False
Is 45562739 prime?
True
Is 14505833 prime?
False
Is 2894531 prime?
False
Is 8710109 composite?
False
Is 22317497 a prime number?
True
Is 17533081 prime?
False
Is 4454657 prime?
True
Is 12547767 composite?
True
Is 1043489 a composite number?
False
Is 123364939 a prime number?
False
Is 521452153 composite?
False
Is 1123079 composite?
False
Is 3731197 composite?
True
Is 56883793 prime?
True
Is 31818685 a prime number?
False
Is 676649 composite?
False
Is 57166687 a prime number?
False
Is 13399441 a composite number?
True
Is 9409451 a prime number?
True
Is 8788007 prime?
True
Is 5980787 a composite number?
True
Is 1378261 a composite number?
True
Is 14860159 composite?
True
Is 26372987 prime?
False
Is 362897 prime?
True
Is 5299303 composite?
False
Is 92853349 a prime number?
True
Is 10251061 composite?
False
Is 83624117 a composite number?
True
Is 247460549 composite?
True
Is 2754685 a composite number?
True
Is 8229227 a composite number?
True
Is 39671701 composite?
True
Is 338954827 a composite number?
False
Is 26196143 a composite number?
False
Is 19450721 a composite number?
False
Is 10640143 prime?
True
Is 388567 composite?
False
Is 129050007 a composite number?
True
Is 5955403 prime?
True
Is 503251549 a prime number?
False
Is 248573311 a composite number?
True
Is 1470451 a prime number?
True
Is 60205981 a prime number?
False
Is 519971 prime?
True
Is 13686317 a prime number?
False
Is 6326797 a composite number?
True
Is 319530297 a composite number?
True
Is 83543177 composite?
False
Is 201343 a prime number?
False
Is 16308811 prime?
True
Is 97423 composite?
False
Is 696011 prime?
False
Is 10479439 composite?
True
Is 1722509 a composite number?
True
Is 5648993 prime?
False
Is 3131449 prime?
False
Is 12379831 composite?
True
Is 195023 composite?
False
Is 93936413 composite?
True
Is 693479953 a prime number?
True
Is 113940311 a prime number?
True
Is 1362761 composite?
False
Is 3590771 composite?
True
Is 93198563 a prime number?
False
Is 155043979 composite?
False
Is 4038643 a prime number?
False
Is 6966319 composite?
False
Is 116830787 a prime number?
False
Is 600679 composite?
True
Is 1264699 prime?
True
Is 52079743 composite?
False
Is 296966951 a composite number?
True
Is 5633249 prime?
True
Is 31957183 prime?
False
Is 1274059 composite?
True
Is 2302253 prime?
True
Is 39410887 a prime number?
True
Is 545429 a composite number?
False
Is 1378733 a composite number?
False
Is 79590887 a prime number?
True
Is 110435957 prime?
True
Is 43881769 a prime number?
False
Is 17142989 a composite number?
True
Is 456641491 a prime number?
True
Is 49046603 composite?
True
Is 195443522 a prime number?
False
Is 152785249 a composite number?
False
Is 177379661 composite?
True
Is 195890827 a composite number?
True
Is 3330527 composite?
False
Is 385814449 a composite number?
True
Is 19371278 composite?
True
Is 223762691 composite?
True
Is 99316285 composite?
True
Is 4575053 a composite number?
True
Is 301339 a prime number?
False
Is 510551 prime?
True
Is 9686539 a composite number?
True
Is 5307637 composite?
False
Is 34072387 a prime number?
True
Is 702701 a prime number?
True
Is 52528877 a composite number?
False
Is 705115 a prime number?
False
Is 221141717 a composite number?
False
Is 7336795 a prime number?
False
Is 4074409 composite?
False
Is 8263369 a prime number?
True
Is 20540951 a composite number?
False
Is 1512419 composite?
True
Is 25810831 prime?
True
Is 8816501 composite?
False
Is 11653769 composite?
False
Is 284738611 composite?
